{"id":74,"date":"2023-11-12T13:09:15","date_gmt":"2023-11-12T13:09:15","guid":{"rendered":"https:\/\/licensi.fr\/?post_type=product&#038;p=74"},"modified":"2023-11-12T13:10:28","modified_gmt":"2023-11-12T13:10:28","slug":"licence-eset-nod32-antivirus-1-an-1-appareil","status":"publish","type":"product","link":"https:\/\/licensi.fr\/index.php\/product\/licence-eset-nod32-antivirus-1-an-1-appareil\/","title":{"rendered":"Licence Eset NOD32 Antivirus &#8211; 1 An &#8211; 1 Appareil"},"content":{"rendered":"<p><strong>D\u00e9tails d&#8217;activation\u00a0:<\/strong><\/p>\n<p>Entrez le code dans le logiciel d\u00e9j\u00e0 t\u00e9l\u00e9charg\u00e9 Sinon, veuillez utiliser ce site : https:\/\/www.eset.com\/int\/support\/activate\/<\/p>\n<p><strong>Profitez de votre temps en ligne.<\/strong><\/p>\n<p>Prot\u00e9g\u00e9 avec <strong>ESET NOD32 Antivirus<\/strong> &#8211; r\u00e9seaux sociaux, en utilisant Internet ou des jeux. Faites confiance \u00e0 notre protection antivirus et antispyware \u00e9prouv\u00e9e &#8211; avec une technologie de d\u00e9tection unique. Prot\u00e9gez-vous contre Exploit Blocker et les menaces de logiciels malveillants en \u00e9vitant la d\u00e9tection traditionnelle &#8211; avec Advanced Memory Scanner. Restez prot\u00e9g\u00e9 lorsque vous utilisez les m\u00e9dias sociaux. D\u00e9cidez quelles informations sont visibles par le public et apportez \u00e0 votre profil les modifications que vous jugez appropri\u00e9es. Sur Facebook, prot\u00e9gez-vous ainsi que l&#8217;historique des messages et le fil d&#8217;actualit\u00e9s de vos amis contre les logiciels malveillants. Sur Twitter, prot\u00e9gez votre profil et vos posts, ainsi que ceux que vous suivez contre les liens malveillants. Jouez, travaillez ou connectez-vous sans ralentir. Notre logiciel laisse plus de puissance pour ce que vous aimez. Profitez d&#8217;une protection optimale avec les param\u00e8tres par d\u00e9faut. Ou ajustez votre s\u00e9curit\u00e9 avec plus de 150 param\u00e8tres.<\/p>\n<p><strong>Les caract\u00e9ristiques:<\/strong><\/p>\n<ul>\n<li>VIRUS<\/li>\n<li>Anti-espion<\/li>\n<li>Anti hame\u00e7onnage<\/li>\n<li>Mode joueur<\/li>\n<li>Analyseur de m\u00e9dias sociaux<\/li>\n<li>Bloqueur d&#8217;exploitation<\/li>\n<li>Analyseur de m\u00e9moire avanc\u00e9<\/li>\n<li>Contr\u00f4le de l&#8217;appareil<\/li>\n<\/ul>\n","protected":false},"excerpt":{"rendered":"<ul>\n<li><strong>Ces licences sont 100% originales.<\/strong><\/li>\n<li>Les licences se pr\u00e9sentent sous forme num\u00e9rique et peuvent \u00eatre activ\u00e9es dans le monde entier.<\/li>\n<li><strong>La licence dure un an et est automatiquement mise \u00e0 jour.<\/strong><\/li>\n<li>Peut \u00eatre install\u00e9 dans toutes les langues prises en charge (y compris le fran\u00e7ais)<\/li>\n<li>Lors de l&#8217;achat, il est possible que nous vous envoyions des versions sup\u00e9rieures avec plus de fonctionnalit\u00e9s en fonction du stock dont nous disposons (nous ne vous enverrons jamais de licences plus faibles que la version pr\u00e9sent\u00e9e).<\/li>\n<\/ul>\n","protected":false},"featured_media":100,"comment_status":"closed","ping_status":"closed","template":"","meta":[],"product_cat":[21],"product_tag":[],"jetpack_sharing_enabled":true,"_links":{"self":[{"href":"https:\/\/licensi.fr\/index.php\/wp-json\/wp\/v2\/product\/74"}],"collection":[{"href":"https:\/\/licensi.fr\/index.php\/wp-json\/wp\/v2\/product"}],"about":[{"href":"https:\/\/licensi.fr\/index.php\/wp-json\/wp\/v2\/types\/product"}],"replies":[{"embeddable":true,"href":"https:\/\/licensi.fr\/index.php\/wp-json\/wp\/v2\/comments?post=74"}],"wp:featuredmedia":[{"embeddable":true,"href":"https:\/\/licensi.fr\/index.php\/wp-json\/wp\/v2\/media\/100"}],"wp:attachment":[{"href":"https:\/\/licensi.fr\/index.php\/wp-json\/wp\/v2\/media?parent=74"}],"wp:term":[{"taxonomy":"product_cat","embeddable":true,"href":"https:\/\/licensi.fr\/index.php\/wp-json\/wp\/v2\/product_cat?post=74"},{"taxonomy":"product_tag","embeddable":true,"href":"https:\/\/licensi.fr\/index.php\/wp-json\/wp\/v2\/product_tag?post=74"}],"curies":[{"name":"wp","href":"https:\/\/api.w.org\/{rel}","templated":true}]}}