{"id":68,"date":"2023-11-12T13:09:15","date_gmt":"2023-11-12T13:09:15","guid":{"rendered":"https:\/\/licensi.fr\/?post_type=product&#038;p=68"},"modified":"2024-02-21T16:16:51","modified_gmt":"2024-02-21T14:16:51","slug":"office-365-1-an-5-appareils","status":"publish","type":"product","link":"https:\/\/licensi.fr\/index.php\/product\/office-365-1-an-5-appareils\/","title":{"rendered":"Office 365 &#8211; 1 An &#8211; 5 Appareils"},"content":{"rendered":"<hr \/>\n<p><strong>Microsoft 365<\/strong> est une suite de productivit\u00e9 cloud par abonnement qui donne acc\u00e8s \u00e0 toutes les applications Office de base (Word, Excel, PowerPoint, Outlook, ainsi qu&#8217;Access et Publisher pour les utilisateurs de PC), ainsi qu&#8217;aux services de coop\u00e9ration essentiels tels que Microsoft Teams et OneDrive. De plus, cette \u00e9dition inclut Exchange et SharePoint, apportant des e-mails personnalisables \u00e0 votre organisation.<\/p>\n<p><strong>Les applications et les services sont mis \u00e0 jour r\u00e9guli\u00e8rement et automatiquement, et en plus des correctifs majeurs et des mises \u00e0 jour de s\u00e9curit\u00e9, vous obtenez instantan\u00e9ment diverses nouvelles fonctionnalit\u00e9s.<\/strong><\/p>\n<hr \/>\n<p><strong>Important :<\/strong> Un abonnement peut \u00eatre utilis\u00e9 par un utilisateur. La suite peut \u00eatre install\u00e9e sur 5 appareils simultan\u00e9ment (t\u00e9l\u00e9phones\/tablettes\/PC\/Mac)<\/p>\n<div>\n<hr \/>\n<\/div>\n<div class=\"row\">\n<div class=\"col-sm-2\"><img loading=\"lazy\" decoding=\"async\" class=\"hidden-xs alignleft\" src=\"https:\/\/cdn.forscope.eu\/imgs\/_com\/product-descriptions\/Microsoft365\/Word.png\" alt=\"\" width=\"81\" height=\"70\" \/><\/div>\n<div class=\"col-sm-10\" style=\"padding-left: 120px;\"><strong>Word 365<\/strong> vous aidera \u00e0 cr\u00e9er facilement des documents modernes et clairement structur\u00e9s. De nouveaux outils de reconnaissance vocale et une technologie am\u00e9lior\u00e9e de d\u00e9tection des fautes d&#8217;orthographe et de grammaire, ainsi qu&#8217;un outil Microsoft Translator, vous offriront un excellent support pour votre \u00e9criture, quelle que soit la langue dans laquelle vous \u00e9crivez. Word 365 offre \u00e9galement une transformation de document interactive facile \u00e0 utiliser. &#8211; distribuer des pages Web.<\/div>\n<div><\/div>\n<\/div>\n<div class=\"row\">\n<div class=\"col-sm-2\"><img loading=\"lazy\" decoding=\"async\" class=\"hidden-xs alignleft\" src=\"https:\/\/cdn.forscope.eu\/imgs\/_com\/product-descriptions\/Microsoft365\/Excel.png\" alt=\"\" width=\"81\" height=\"70\" \/><\/div>\n<div class=\"col-sm-10\" style=\"padding-left: 120px;\"><strong>Excel 365<\/strong> apporte un tout nouveau design qui rend le programme agr\u00e9able sur tous les \u00e9crans. Il vous aidera \u00e0 exploiter diff\u00e9rents types et quantit\u00e9s de donn\u00e9es rapidement et avec pr\u00e9cision. Cr\u00e9ez des feuilles de calcul \u00e0 partir de mod\u00e8les et utilisez l&#8217;application pour transformer vos donn\u00e9es en documents attrayants. Pr\u00e9sentez les r\u00e9sultats de votre analyse de donn\u00e9es \u00e0 vos coll\u00e8gues sous une forme facile \u00e0 comprendre. Profitez de nouvelles fonctionnalit\u00e9s telles que des mod\u00e8les 3D, des graphiques vectoriels \u00e9volutifs, des \u00e9quations manuscrites pour inclure des \u00e9quations math\u00e9matiques complexes et bien plus encore\u00a0!<\/div>\n<div><\/div>\n<\/div>\n<div class=\"row\">\n<div class=\"col-sm-2\"><img loading=\"lazy\" decoding=\"async\" class=\"hidden-xs alignleft\" src=\"https:\/\/cdn.forscope.eu\/imgs\/_com\/product-descriptions\/Microsoft365\/PowerPoint.png\" alt=\"\" width=\"81\" height=\"70\" \/><\/div>\n<div class=\"col-sm-10\" style=\"padding-left: 120px;\">Avec <strong>PowerPoint 365<\/strong>, vous pouvez pr\u00e9senter vos photos, id\u00e9es commerciales, plans ou rapports de mani\u00e8re extr\u00eamement sophistiqu\u00e9e. Habillez votre histoire et vos id\u00e9es dans un beau design aliment\u00e9 par une animation riche, PowerPoint Morph, un film ou des mod\u00e8les 3D. La nouvelle fonctionnalit\u00e9 de zoom PowerPoint introduit une narration non lin\u00e9aire, vous permettant de cr\u00e9er des diapositives r\u00e9capitulatives interactives qui donneront un nouveau look \u00e0 vos pr\u00e9sentations. Utilisez les mentions @ dans les commentaires pour informer vos coll\u00e8gues lorsque vous avez besoin de leur contribution et pour b\u00e9n\u00e9ficier d&#8217;une coop\u00e9ration rapide o\u00f9 que vous soyez.<\/div>\n<div><\/div>\n<\/div>\n<div class=\"row\">\n<div class=\"col-sm-2\"><img loading=\"lazy\" decoding=\"async\" class=\"hidden-xs alignleft\" src=\"https:\/\/cdn.forscope.eu\/imgs\/_com\/product-descriptions\/Microsoft365\/Outlook.png\" alt=\"\" width=\"81\" height=\"70\" \/><\/div>\n<div class=\"col-sm-10\" style=\"padding-left: 120px;\"><strong>Outlook 365<\/strong> est l&#8217;application de gestion leader du secteur pour l&#8217;envoi d&#8217;e-mails, le stockage des contacts et la gestion des t\u00e2ches, ainsi que les calendriers personnels et de groupe. L&#8217;un des nouveaux ajouts est la fonctionnalit\u00e9 Bo\u00eete de r\u00e9ception cibl\u00e9e qui s\u00e9pare votre bo\u00eete de r\u00e9ception dans l&#8217;onglet Focus, qui comprend les e-mails les plus importants et l&#8217;onglet Autre, o\u00f9 vous pouvez facilement acc\u00e9der aux messages moins pertinents. Vous pouvez \u00e9galement consulter les r\u00e9ponses des personnes \u00e0 une demande de r\u00e9union, utiliser les commandes &#8220;@&#8221; pour marquer les personnes dans les e-mails, ou choisir une heure qui convient \u00e0 tout le monde et planifier des rendez-vous dans diff\u00e9rentes broches. programme. Outlook 365 vous offre des moyens encore meilleurs de vous exprimer, vous permettant d&#8217;utiliser des GIF anim\u00e9s. Le programme est constamment mis \u00e0 jour et offre les meilleures fonctionnalit\u00e9s de communication qui vous aideront \u00e0 am\u00e9liorer votre productivit\u00e9.<\/div>\n<div><\/div>\n<\/div>\n<div class=\"row\">\n<div class=\"col-sm-2\"><img loading=\"lazy\" decoding=\"async\" class=\"hidden-xs alignleft\" src=\"https:\/\/cdn.forscope.eu\/imgs\/_com\/product-descriptions\/Microsoft365\/Publisher.png\" alt=\"\" width=\"79\" height=\"79\" \/><\/div>\n<div class=\"col-sm-10\" style=\"padding-left: 120px;\"><strong>Publisher<\/strong> (ordinateur uniquement) vous aide \u00e0 cr\u00e9er, personnaliser et distribuer une large gamme de publications de qualit\u00e9 professionnelle. Qu&#8217;il s&#8217;agisse de documents de marketing ou de vente imprim\u00e9s, de publications pour votre site Web ou de bulletins d&#8217;information, Publisher vous aidera \u00e0 obtenir les meilleurs r\u00e9sultats.<\/div>\n<p>&nbsp;<\/p>\n<\/div>\n<div class=\"row\">\n<div class=\"col-sm-2\"><img loading=\"lazy\" decoding=\"async\" class=\"hidden-xs alignleft\" src=\"https:\/\/cdn.forscope.eu\/imgs\/_com\/product-descriptions\/Microsoft365\/Access.png\" alt=\"\" width=\"79\" height=\"79\" \/><\/div>\n<div class=\"col-sm-10\" style=\"padding-left: 120px;\"><strong>Access<\/strong> (PC uniquement) vous permet de cr\u00e9er une base de donn\u00e9es m\u00eame si vous n&#8217;\u00eates pas un expert en bases de donn\u00e9es ou si vous ne savez pas comment \u00e9crire du code. Ce puissant syst\u00e8me de gestion vous permet de stocker, trier, analyser, synth\u00e9tiser et pr\u00e9senter une \u00e9norme quantit\u00e9 de donn\u00e9es. La derni\u00e8re version est livr\u00e9e avec de nombreux outils et fonctionnalit\u00e9s am\u00e9lior\u00e9s. La grande quantit\u00e9 de donn\u00e9es peut \u00eatre calcul\u00e9e beaucoup plus efficacement maintenant\u00a0!<\/div>\n<p>&nbsp;<\/p>\n<\/div>\n<div>\n<hr \/>\n<\/div>\n<div class=\"row\">\n<p>&nbsp;<\/p>\n<\/div>\n","protected":false},"excerpt":{"rendered":"<ul>\n<li><strong>VALIDIT\u00c9 1 AN \u2714\ufe0f ACTIVATION EN LIGNE \u2714\ufe0f<\/strong><\/li>\n<li>La suite peut \u00eatre install\u00e9e sur 5 appareils simultan\u00e9ment (t\u00e9l\u00e9phones\/tablettes\/PC\/Mac)<\/li>\n<li>La licence est livr\u00e9e avec un nom d&#8217;utilisateur et un mot de passe <strong>(E-mail + Mot de passe)<\/strong>. Lorsque vous vous connectez pour la premi\u00e8re fois, vous pouvez remplacer votre mot de passe d&#8217;origine par un mot de passe personnel.<\/li>\n<li><strong>Apr\u00e8s cela, vous vous connecterez avec cet utilisateur par d\u00e9faut avec votre mot de passe de t\u00e9l\u00e9chargement personnel.<\/strong><\/li>\n<li>Nous offrons une assistance un mois apr\u00e8s l&#8217;achat du compte. (Si vous avez oubli\u00e9 votre mot de passe ou pour diverses raisons, vous ne pouvez pas vous connecter)<\/li>\n<li><strong>La licence est 100% authentique, peut \u00eatre t\u00e9l\u00e9charg\u00e9e directement depuis le site officiel de Microsoft apr\u00e8s vous \u00eatre connect\u00e9 avec notre compte.<\/strong><\/li>\n<\/ul>\n","protected":false},"featured_media":94,"comment_status":"closed","ping_status":"closed","template":"","meta":[],"product_cat":[20],"product_tag":[],"jetpack_sharing_enabled":true,"_links":{"self":[{"href":"https:\/\/licensi.fr\/index.php\/wp-json\/wp\/v2\/product\/68"}],"collection":[{"href":"https:\/\/licensi.fr\/index.php\/wp-json\/wp\/v2\/product"}],"about":[{"href":"https:\/\/licensi.fr\/index.php\/wp-json\/wp\/v2\/types\/product"}],"replies":[{"embeddable":true,"href":"https:\/\/licensi.fr\/index.php\/wp-json\/wp\/v2\/comments?post=68"}],"wp:featuredmedia":[{"embeddable":true,"href":"https:\/\/licensi.fr\/index.php\/wp-json\/wp\/v2\/media\/94"}],"wp:attachment":[{"href":"https:\/\/licensi.fr\/index.php\/wp-json\/wp\/v2\/media?parent=68"}],"wp:term":[{"taxonomy":"product_cat","embeddable":true,"href":"https:\/\/licensi.fr\/index.php\/wp-json\/wp\/v2\/product_cat?post=68"},{"taxonomy":"product_tag","embeddable":true,"href":"https:\/\/licensi.fr\/index.php\/wp-json\/wp\/v2\/product_tag?post=68"}],"curies":[{"name":"wp","href":"https:\/\/api.w.org\/{rel}","templated":true}]}}