{"id":65,"date":"2023-11-12T13:09:15","date_gmt":"2023-11-12T13:09:15","guid":{"rendered":"https:\/\/licensi.fr\/?post_type=product&#038;p=65"},"modified":"2023-11-12T13:09:32","modified_gmt":"2023-11-12T13:09:32","slug":"licence-kaspersky-antivirus-1-an-1-appareils","status":"publish","type":"product","link":"https:\/\/licensi.fr\/index.php\/product\/licence-kaspersky-antivirus-1-an-1-appareils\/","title":{"rendered":"Licence Kaspersky Antivirus &#8211; 1 An &#8211; 1 Appareils"},"content":{"rendered":"<div class=\"excerpt\"><strong>Avec une telle partie de la vie de votre ordinateur stock\u00e9e, il est important de faire tout ce que vous pouvez pour vous prot\u00e9ger.<\/strong><br \/>\nKaspersky Anti-Virus est le moyen le plus intelligent de tout prot\u00e9ger sur votre ordinateur&#8230; pour vous prot\u00e9ger contre les virus, les logiciels espions et les chevaux de Troie et pour emp\u00eacher le blocage de tous les fichiers de ran\u00e7ongiciels.<br \/>\nIl prot\u00e8ge contre les virus, les ran\u00e7ongiciels et plus encore<br \/>\nIl permet \u00e0 l&#8217;ordinateur de fonctionner &#8230; comme il est cens\u00e9 le faire<br \/>\nSimplifiez la s\u00e9curit\u00e9 &#8211; avec le contr\u00f4le en ligne.<strong>Comment activer :<\/strong>T\u00e9l\u00e9chargez une version d&#8217;essai de Kaspersky Antivirus sur le site officiel de Kaspersky Lab.<br \/>\nAssurez-vous que la date syst\u00e8me est correctement d\u00e9finie sur votre ordinateur.<br \/>\nOuvrez Kaspersky Antivirus.<br \/>\nEn bas \u00e0 droite de la fen\u00eatre, cliquez sur le lien Entrer le code d&#8217;activation.<br \/>\nDans la fen\u00eatre Activation, entrez le code d&#8217;activation que vous avez re\u00e7u lors de l&#8217;achat. Veuillez noter que le code ne contient que des lettres latines.<br \/>\nCliquez sur le bouton Activer.<br \/>\nL&#8217;assistant d&#8217;activation se connectera au serveur de Kaspersky Lab et t\u00e9l\u00e9chargera la cl\u00e9 de licence.<br \/>\nCliquez sur le bouton Terminer.<strong>Se prot\u00e9ger&#8230; commence par prot\u00e9ger votre ordinateur. C&#8217;est pourquoi notre protection PC essentielle prot\u00e8ge contre les virus, les ran\u00e7ongiciels, le phishing, les logiciels espions, les sites Web malveillants, etc.<\/strong>Il analyse automatiquement votre ordinateur \u00e0 la recherche de menaces, y compris de nouvelles infections de crypto-monnaie susceptibles d&#8217;affecter gravement les performances de votre ordinateur. Et si votre ordinateur est infect\u00e9, nos technologies vous aident \u00e0 le sauvegarder et \u00e0 le r\u00e9initialiser.<\/p>\n<p>Il bloque les virus, les ran\u00e7ongiciels et plus encore<br \/>\nIl permet aux ordinateurs de fonctionner comme ils sont cens\u00e9s le faire<br \/>\nSimplifiez la gestion de la s\u00e9curit\u00e9<\/p>\n<\/div>\n","protected":false},"excerpt":{"rendered":"<ul>\n<li><strong>Ces licences sont 100% originales.<\/strong><\/li>\n<li>Les licences se pr\u00e9sentent sous forme num\u00e9rique et peuvent \u00eatre activ\u00e9es dans le monde entier.<\/li>\n<li><strong>La licence dure un an et est automatiquement mise \u00e0 jour.<\/strong><\/li>\n<li>Peut \u00eatre install\u00e9 dans toutes les langues prises en charge (y compris le fran\u00e7ais)<\/li>\n<li>Lors de l&#8217;achat, il est possible que nous vous envoyions des versions sup\u00e9rieures avec plus de fonctionnalit\u00e9s en fonction du stock dont nous disposons (nous ne vous enverrons jamais de licences plus faibles que la version pr\u00e9sent\u00e9e).<\/li>\n<\/ul>\n","protected":false},"featured_media":91,"comment_status":"closed","ping_status":"closed","template":"","meta":[],"product_cat":[21],"product_tag":[],"jetpack_sharing_enabled":true,"_links":{"self":[{"href":"https:\/\/licensi.fr\/index.php\/wp-json\/wp\/v2\/product\/65"}],"collection":[{"href":"https:\/\/licensi.fr\/index.php\/wp-json\/wp\/v2\/product"}],"about":[{"href":"https:\/\/licensi.fr\/index.php\/wp-json\/wp\/v2\/types\/product"}],"replies":[{"embeddable":true,"href":"https:\/\/licensi.fr\/index.php\/wp-json\/wp\/v2\/comments?post=65"}],"wp:featuredmedia":[{"embeddable":true,"href":"https:\/\/licensi.fr\/index.php\/wp-json\/wp\/v2\/media\/91"}],"wp:attachment":[{"href":"https:\/\/licensi.fr\/index.php\/wp-json\/wp\/v2\/media?parent=65"}],"wp:term":[{"taxonomy":"product_cat","embeddable":true,"href":"https:\/\/licensi.fr\/index.php\/wp-json\/wp\/v2\/product_cat?post=65"},{"taxonomy":"product_tag","embeddable":true,"href":"https:\/\/licensi.fr\/index.php\/wp-json\/wp\/v2\/product_tag?post=65"}],"curies":[{"name":"wp","href":"https:\/\/api.w.org\/{rel}","templated":true}]}}